test common factor of 354821076 and 1224?
612
What is the greatest common factor of 79570124 and 1759?
1759
What is the highest common factor of 21 and 8720103?
21
What is the highest common factor of 14389497 and 9?
9
What is the highest common factor of 2490496 and 44?
4
What is the highest common divisor of 109 and 1515020321?
109
What is the highest common divisor of 6842723 and 2969304?
9517
What is the greatest common divisor of 1032 and 13336?
8
What is the greatest common factor of 39723723 and 3?
3
Calculate the highest common factor of 2121309 and 1539.
81
Calculate the highest common factor of 110026 and 11354.
14
What is the greatest common divisor of 1408332976 and 992?
496
What is the highest common divisor of 2 and 8003?
1
What is the greatest common factor of 30853808 and 96?
16
Calculate the greatest common divisor of 41493584 and 176.
176
What is the greatest common divisor of 58606704 and 37440?
1872
Calculate the highest common divisor of 8734798 and 179462.
2942
What is the highest common factor of 98140 and 56703890?
7010
Calculate the greatest common divisor of 315488 and 1952.
32
Calculate the highest common factor of 1036 and 3701812.
4
What is the greatest common divisor of 273 and 12367030?
13
Calculate the highest common factor of 1888 and 527776.
32
Calculate the greatest common factor of 27308778 and 12789.
4263
Calculate the highest common divisor of 25449 and 10546365.
1497
Calculate the highest common factor of 4620 and 197582.
154
What is the greatest common factor of 1386 and 162763392?
66
Calculate the highest common factor of 15257025 and 189.
189
What is the greatest common factor of 47530 and 54?
2
What is the greatest common divisor of 177826766 and 119?
17
Calculate the highest common factor of 43311636 and 36.
36
Calculate the greatest common factor of 36 and 1335267558.
18
Calculate the highest common factor of 7069546 and 1561.
223
What is the greatest common factor of 26702382 and 777?
777
What is the highest common divisor of 14907711 and 7453?
29
What is the highest common divisor of 6324 and 6640944?
372
What is the greatest common factor of 865311984 and 4104?
4104
Calculate the greatest common factor of 172939976 and 726.
242
Calculate the highest common factor of 212448 and 122688.
96
Calculate the highest common factor of 40875 and 9095505.
1635
What is the greatest common divisor of 429 and 22625902?
13
What is the greatest common factor of 140361 and 46293?
39
Calculate the highest common factor of 6885 and 2524365.
405
What is the greatest common factor of 1153521 and 1128?
141
What is the greatest common factor of 11454 and 57678526?
3818
Calculate the greatest common divisor of 34716939 and 13659.
471
What is the highest common divisor of 142 and 27237446?
142
What is the greatest common divisor of 577889973 and 3841?
3841
Calculate the highest common factor of 1882115535 and 218.
109
What is the highest common divisor of 31890 and 112200?
30
What is the greatest common factor of 82585894 and 10784?
674
Calculate the greatest common factor of 13342 and 7017.
1
Calculate the highest common divisor of 430 and 75904030.
430
Calculate the greatest common factor of 334006 and 5244.
46
What is the greatest common factor of 286 and 1336478?
286
Calculate the greatest common divisor of 1505727300 and 3080.
1540
What is the highest common factor of 780 and 43165070?
130
Calculate the greatest common factor of 284569 and 498553.
743
Calculate the greatest common divisor of 8418 and 2803072.
122
What is the highest common factor of 7180 and 7901590?
3590
What is the greatest common divisor of 97 and 33025687?
97
What is the highest common factor of 7239940 and 4600?
460
Calculate the greatest common divisor of 779984744 and 98.
98
What is the greatest common factor of 10308 and 98052?
12
Calculate the highest common factor of 88206 and 19398.
366
Calculate the greatest common factor of 25 and 31640355.
5
What is the highest common factor of 1726 and 237986058?
1726
Calculate the highest common factor of 994 and 1220533097.
497
What is the greatest common factor of 5836405 and 326455?
545
Calculate the highest common divisor of 293691527 and 2443.
349
Calculate the highest common divisor of 54099 and 276506.
6011
Calculate the greatest common divisor of 15 and 30187995.
15
What is the highest common factor of 59891 and 23601661?
4607
What is the highest common divisor of 156 and 459276?
12
Calculate the greatest common divisor of 266129715 and 5.
5
What is the highest common divisor of 6251740 and 218105?
905
Calculate the highest common divisor of 20614 and 939811.
937
What is the highest common factor of 91860 and 8940?
60
What is the highest common factor of 500 and 6110375?
125
What is the highest common factor of 81189612 and 61292?
5572
What is the greatest common divisor of 100 and 62881825?
25
What is the greatest common divisor of 420 and 13309464?
84
Calculate the highest common factor of 51685156 and 1338.
446
What is the highest common divisor of 4277553 and 1029?
1029
What is the greatest common factor of 204102 and 2378430?
414
What is the highest common divisor of 8 and 6352160?
8
What is the greatest common divisor of 83416 and 43136?
8
What is the highest common divisor of 8 and 2282042?
2
What is the highest common factor of 295707740 and 60?
20
Calculate the highest common divisor of 403501076 and 3228.
1076
Calculate the highest common factor of 1392 and 26488194.
174
What is the greatest common factor of 30456267 and 45?
3
What is the highest common divisor of 1481894 and 151084?
706
What is the highest common factor of 19270774 and 2241?
83
Calculate the highest common divisor of 25536 and 145799808.
1344
What is the greatest common divisor of 453782 and 574?
14
Calculate the highest common divisor of 33 and 1288421453.
11
What is the highest common factor of 795 and 54883302?
159
What is the greatest common factor of 165892 and 990796?
268
Calculate the highest common factor of 2505 and 4173510.
15
Calculate the highest common factor of 84 and 3716265.
21
Calculate the greatest common factor of 212441 and 60419.
1949
What is the greatest common factor of 336147 and 33579?
21
Calculate the greatest common divisor of 7648 and 1650534.
478
What is the highest common factor of 32139413 and 1199?
109
What is the highest common factor of 21244 and 1130904?
452
What is the greatest common factor of 8087741 and 13329?
1481
Calculate the highest common divisor of 214 and 140751759.
107
What is the highest common divisor of 110792 and 2736?
8
What is the highest common divisor of 49198204 and 901?
901
Calculate the highest common divisor of 329526 and 1206.
18
What is the highest common divisor of 51448 and 5912?
8
Calculate the greatest common divisor of 68830 and 62200.
10
What is the greatest common divisor of 145640992 and 224?
224
What is the greatest common factor of 33891 and 23035452?
2607
Calculate the greatest common factor of 1359152115 and 30.
15
Calculate the greatest common factor of 44273693 and 2579.
2579
Calculate the greatest common divisor of 5953367 and 28.
7
Calculate the highest common divisor of 59014462 and 338.
338
Calculate the highest common factor of 33783540 and 2940.
2940
What is the greatest common divisor of 697246 and 286?
22
Calculate the greatest common factor of 9550 and 8988842.
382
What is the highest common divisor of 14873733 and 1134?
189
Calculate the highest common factor of 2716468 and 950.
38
What is the greatest common factor of 5580485 and 61320?
365
What is the highest common factor of 946092 and 5292?
588
What is the greatest common divisor of 2831 and 818691?
19
What is the highest common divisor of 1049352 and 229632?
552
What is the greatest common divisor of 14268 and 179580?
492
Calculate the greatest common divisor of 375461 and 88416.
307
What is the highest common divisor of 4859 and 405017?
43
Calculate the greatest common factor of 8274 and 36200129.
1379
What is the highest common factor of 43135 and 355441027?
8627
Calculate the greatest common divisor of 4122 and 21762.
18
What is the highest common factor of 255327832 and 29?
29
Calculate the highest common divisor of 1845104 and 104.
8
Calculate the greatest common fac